NOAA-Style Climatological Reports

 

NOAA-Style Climatological Summary Reports

These are monthly and yearly NOAA-Style Climatological Summaries available. This WX station generates these summaries automatically throughout the day/night.
(Note: These reports are formatted for large displays, and may not render well on small displays/mobile devices.)


This Month's Report (updates throughout the day)

                   MONTHLY CLIMATOLOGICAL SUMMARY for Feb 2018


NAME: W0CHP-13 (NWS/MADIS: AV025); APRSWXNET/CWOP WX Station; Plainview, MN USA                  
ELEV: 1165 feet    LAT: 44-09.99 N    LONG: 092-10.12 W


                   TEMPERATURE (F), RAIN (in), WIND SPEED (mph)

                                         HEAT   COOL         AVG
      MEAN                               DEG    DEG          WIND                   DOM
DAY   TEMP   HIGH   TIME    LOW   TIME   DAYS   DAYS   RAIN  SPEED   HIGH   TIME    DIR
---------------------------------------------------------------------------------------
 01    0.0   14.1  00:02   -4.9  00:00   65.0    0.0   0.00    5.9   17.0  00:30    305
 02    3.5   16.2  23:48   -9.0  04:28   61.5    0.0   0.00    3.4   12.0  19:30    200
 03   19.6   28.8  13:52   10.8  00:00   45.4    0.0   0.00    4.2   13.0  00:00    147
 04    0.2   10.8  00:02   -6.0  21:00   64.8    0.0   0.00    5.1   13.0  00:08    319
 05    3.5   12.4  16:02   -5.0  02:02   61.5    0.0   0.00    3.7   13.0  12:20    202
 06    1.2    8.6  14:12  -10.0  07:20   63.8    0.0   0.00    2.2    8.0  13:36    202
 07    6.3   13.6  13:26    1.0  07:42   58.7    0.0   0.00    3.2    8.0  15:00    250
 08    9.8   17.2  12:32    2.7  06:38   55.2    0.0   0.00    2.5    7.0  09:04    226
 09    5.9   13.9  12:26   -0.8  07:52   59.1    0.0   0.00    2.9    9.0  01:20    343
 10    4.7   12.6  13:22   -2.0  05:30   60.3    0.0   0.00    2.4    8.0  12:34    260
 11    7.6   15.9  13:02    0.5  08:24   57.4    0.0   0.00    3.4   11.0  12:24    241
 12
 13   25.0   30.0  12:57   21.6  20:48   40.0    0.0   0.00    6.7   20.0  13:07    185
 14   32.0   43.4  13:01   19.3  07:08   33.0    0.0   0.01    5.7   16.0  15:10    187
 15   32.9   39.4  11:53   23.4  23:58   32.1    0.0   0.00    4.3   14.0  21:57    299
 16   10.9   23.4  00:00    0.0  07:23   54.1    0.0   0.00    5.3   15.0  01:06    254
 17   23.0   29.6  14:20   16.2  00:00   42.0    0.0   0.00    4.9   17.0  05:06    196
 18   28.5   40.0  13:41   12.2  03:56   36.5    0.0   0.00    7.8   26.0  12:50    186
 19   27.4   35.7  00:00   24.4  23:58   37.6    0.0   0.00    4.9   18.0  14:28     53
 20   19.6   25.2  03:36    8.1  23:55   45.4    0.0   0.00    3.7   10.0  16:44    303
 21   10.9   20.4  12:52    2.7  05:09   54.1    0.0   0.00    2.4    8.0  00:21    279
 22   20.5   29.8  14:20   10.6  00:28   44.5    0.0   0.00    2.8   10.0  16:18    111
 23   24.8   30.5  05:45   11.6  23:04   40.2    0.0   0.00    2.6    8.0  10:50    269
 24   22.8   32.9  14:21    9.5  03:36   42.2    0.0   0.00    2.7   15.0  22:42    151
 25   21.4   29.1  12:59   16.2  07:22   43.6    0.0   0.00    6.0   16.0  06:56    224
 26
 27
 28
---------------------------------------------------------------------------------------
      14.7   43.4     14  -10.0     06 1197.9    0.0   0.01    4.1   26.0     18    229
    

All Reports

[ICO]NameLast modifiedSize
[TXT]NOAA-2018-02.txt 2018-02-25 15:50 2.9K
[TXT]NOAA-2018.txt 2018-02-25 15:50 2.0K
[TXT]NOAA-2018-01.txt 2018-02-01 00:00 3.3K
[TXT]NOAA-2017.txt 2018-01-01 00:02 3.5K
[TXT]NOAA-2017-12.txt 2018-01-01 00:00 3.4K
[TXT]NOAA-2017-11.txt 2017-12-01 00:00 3.2K
[TXT]NOAA-2017-10.txt 2017-11-01 00:03 3.4K
[TXT]NOAA-2017-09.txt 2017-10-01 00:03 3.4K
[TXT]NOAA-2017-08.txt 2017-09-01 00:03 3.4K
[TXT]NOAA-2017-07.txt 2017-08-01 00:03 3.4K
[TXT]NOAA-2017-06.txt 2017-07-01 00:00 3.4K
[TXT]NOAA-2017-05.txt 2017-06-23 10:46 3.4K
[TXT]NOAA-2017-04.txt 2017-06-23 10:46 3.4K
[TXT]NOAA-2017-03.txt 2017-06-23 10:46 3.4K
[TXT]NOAA-2017-02.txt 2017-06-23 10:46 3.2K
[TXT]NOAA-2017-01.txt 2017-06-23 10:46 3.4K
[TXT]NOAA-2016-12.txt 2017-06-23 10:46 3.4K
[TXT]NOAA-2016-11.txt 2017-06-23 10:46 3.4K
[TXT]NOAA-2016-10.txt 2017-06-23 10:46 3.3K
[TXT]NOAA-2016-09.txt 2017-06-23 10:46 3.4K
[TXT]NOAA-2016-08.txt 2017-06-23 10:46 3.4K
[TXT]NOAA-2016-07.txt 2017-06-23 10:46 3.4K
[TXT]NOAA-2016-06.txt 2017-06-23 10:46 3.4K
[TXT]NOAA-2016-05.txt 2017-06-23 10:46 3.4K
[TXT]NOAA-2016-04.txt 2017-06-23 10:46 3.4K
[TXT]NOAA-2016-03.txt 2017-06-23 10:46 2.9K
[TXT]NOAA-2016-02.txt 2017-06-23 10:46 3.3K
[TXT]NOAA-2016-01.txt 2017-06-23 10:46 3.4K
[TXT]NOAA-2015-12.txt 2017-06-23 10:46 3.4K
[TXT]NOAA-2015-11.txt 2017-06-23 10:46 3.4K
[TXT]NOAA-2015-10.txt 2017-06-23 10:46 3.4K
[TXT]NOAA-2015-09.txt 2017-06-23 10:45 3.4K
[TXT]NOAA-2015-08.txt 2017-06-23 10:45 2.7K
[TXT]NOAA-2015-07.txt 2017-06-23 10:45 3.4K
[TXT]NOAA-2015-06.txt 2017-06-23 10:45 3.4K
[TXT]NOAA-2015-05.txt 2017-06-23 10:45 3.4K
[TXT]NOAA-2015-04.txt 2017-06-23 10:45 3.4K
[TXT]NOAA-2015-03.txt 2017-06-23 10:45 2.6K
[TXT]NOAA-2016.txt 2017-06-23 10:45 3.5K
[TXT]NOAA-2015.txt 2017-06-23 10:45 3.2K